{"id":50,"date":"2026-02-19T19:56:57","date_gmt":"2026-02-19T18:56:57","guid":{"rendered":"http:\/\/serwer356680.lh.pl\/autoinstalator\/serwer356680.lh.pl\/wordpress152201\/index.php\/contact-us\/"},"modified":"2026-02-21T23:17:12","modified_gmt":"2026-02-21T22:17:12","slug":"contact-us","status":"publish","type":"page","link":"https:\/\/lewandowskimaciej.pl\/?page_id=50","title":{"rendered":"kontakt"},"content":{"rendered":"<?php\n\/**\n * Title: Contacts page\n * Slug: lemmony\/pages-contacts\n * Categories: lemmony-pages\n\n\n\n<div class=\"wp-block-group alignwide has-global-padding is-layout-constrained wp-container-core-group-is-layout-d9ce58dd wp-block-group-is-layout-constrained\" style=\"padding-top:var(--wp--preset--spacing--70);padding-bottom:var(--wp--preset--spacing--70)\">\n<div class=\"wp-block-columns alignwide is-layout-flex wp-container-core-columns-is-layout-0e22a435 wp-block-columns-is-layout-flex\" style=\"padding-top:var(--wp--preset--spacing--60)\">\n<div class=\"wp-block-column is-layout-flow wp-block-column-is-layout-flow\">\n<div class=\"wp-block-columns is-layout-flex wp-container-core-columns-is-layout-2d0bfcd7 wp-block-columns-is-layout-flex\">\n<div class=\"wp-block-column is-layout-flow wp-block-column-is-layout-flow\" style=\"flex-basis:5%\"><\/div>\n\n\n\n<div class=\"wp-block-column is-layout-flow wp-block-column-is-layout-flow\">\n<div class=\"wp-block-group lemmony-fadein-bottom lemmony-delay-1 has-global-padding is-layout-constrained wp-container-core-group-is-layout-d02d8170 wp-block-group-is-layout-constrained\" style=\"padding-top:0;padding-right:0;padding-bottom:0;padding-left:0\">\n<div class=\"wp-block-lemmony-companion-icon aligncenter lemmony-animation\" style=\"font-size:clamp(27.894px, 1.743rem + ((1vw - 3.2px) * 1.571), 48px);--lemmony-animation-name:lemmonyFadeInDown\"><div class=\"lemmony-icon-wrapper\"><svg xmlns=\"http:\/\/www.w3.org\/2000\/svg\" viewBox=\"0 0 32 32\" data-reactroot=\"\"><path d=\"M25.5,27.5h-19c-2.757,0-5-2.333-5-5.2V9.7c0-2.867,2.243-5.2,5-5.2h19c2.757,0,5,2.333,5,5.2v12.6 C30.5,25.167,28.257,27.5,25.5,27.5z M6.5,6.5c-1.654,0-3,1.436-3,3.2v12.6c0,1.765,1.346,3.2,3,3.2h19c1.654,0,3-1.436,3-3.2V9.7 c0-1.765-1.346-3.2-3-3.2H6.5z M16,20.7c-1.167,0-2.333-0.343-3.352-1.027l-5.96-4.015c-0.458-0.309-0.579-0.93-0.271-1.388 c0.309-0.458,0.929-0.579,1.388-0.271l5.96,4.015c1.357,0.912,3.112,0.912,4.469,0l5.961-4.015c0.456-0.308,1.08-0.187,1.388,0.271 c0.309,0.458,0.188,1.08-0.271,1.388l-5.961,4.014C18.334,20.358,17.167,20.7,16,20.7z\"><\/path><\/svg><\/div><\/div>\n\n\n\n<h2 class=\"wp-block-heading has-text-align-center has-medium-font-size\" style=\"font-style:normal;font-weight:700;line-height:1.4\">wy\u015blij WIADOMO\u015a\u0106<\/h2>\n\n\n\n<p class=\"has-text-align-center has-paragraph-color has-text-color has-link-color has-small-font-size wp-elements-b68be4b375ddf0381bc04d27fdfe76c7 wp-block-paragraph\" style=\"font-style:normal;font-weight:600;text-decoration:underline\"><a href=\"mailto:ml.stargard@gmail.com\" data-type=\"mailto\" data-id=\"mailto:ml.stargard@gmail.com\">ml.stargard@gmail.com<\/a><\/p>\n\n\n\n<p class=\"has-text-align-center has-paragraph-color has-text-color has-link-color has-small-font-size wp-elements-feca22989e8a78c3a30602b6d18e0fc7 wp-block-paragraph\" style=\"font-style:normal;font-weight:600;text-decoration:underline\"><a href=\"mailto:ml.stargard@gmail.com\" data-type=\"mailto\" data-id=\"mailto:ml.stargard@gmail.com\">kontakt@lewandowskimaciej.pl<\/a><\/p>\n<\/div>\n<\/div>\n<\/div>\n<\/div>\n\n\n\n<div class=\"wp-block-column is-layout-flow wp-block-column-is-layout-flow\">\n<div class=\"wp-block-columns is-layout-flex wp-container-core-columns-is-layout-2d0bfcd7 wp-block-columns-is-layout-flex\">\n<div class=\"wp-block-column is-layout-flow wp-block-column-is-layout-flow\">\n<div class=\"wp-block-group lemmony-fadein-bottom lemmony-delay-1 has-global-padding is-layout-constrained wp-container-core-group-is-layout-d02d8170 wp-block-group-is-layout-constrained\" style=\"padding-top:0;padding-right:0;padding-bottom:0;padding-left:0\">\n<div class=\"wp-block-lemmony-companion-icon aligncenter lemmony-animation\" style=\"font-size:clamp(27.894px, 1.743rem + ((1vw - 3.2px) * 1.571), 48px);--lemmony-animation-name:lemmonyFadeInDown;animation-delay:var(--lemmony-delay-small)\"><div class=\"lemmony-icon-wrapper\"><svg xmlns=\"http:\/\/www.w3.org\/2000\/svg\" viewBox=\"0 0 32 32\" data-reactroot=\"\"><path d=\"M23.328,30.498c-0.827,0-1.659-0.233-2.385-0.712c-3.759-2.282-7.294-5.062-10.476-8.244 c-3.176-3.176-5.959-6.713-8.272-10.513C1.084,9.341,1.321,7.038,2.778,5.581l2.803-2.803c1.701-1.7,4.466-1.7,6.166,0l2.803,2.803 c1.7,1.7,1.7,4.465,0,6.165l0,0c-0.712,0.713-0.746,1.848-0.075,2.584c0.505,0.556,1.027,1.103,1.564,1.64 c0.538,0.538,1.084,1.059,1.641,1.565c0.735,0.669,1.87,0.638,2.583-0.076c1.7-1.7,4.468-1.7,6.166,0l2.795,2.796 c0.823,0.823,1.277,1.918,1.277,3.082s-0.453,2.26-1.277,3.083l-2.803,2.803C25.58,30.063,24.457,30.498,23.328,30.498z M8.664,3.502c-0.604,0-1.209,0.23-1.669,0.69L4.192,6.995C3.403,7.784,3.274,9.03,3.885,9.959 c2.249,3.694,4.934,7.105,7.997,10.169c3.069,3.068,6.478,5.749,10.131,7.969c0.959,0.631,2.205,0.5,2.994-0.288l2.803-2.803 c0.446-0.446,0.691-1.039,0.691-1.669s-0.245-1.223-0.691-1.668l-2.795-2.796c-0.92-0.92-2.418-0.92-3.338,0 c-1.467,1.47-3.815,1.531-5.343,0.141c-0.58-0.526-1.149-1.069-1.709-1.63c-0.559-0.559-1.102-1.128-1.629-1.708 c-1.39-1.527-1.328-3.875,0.141-5.344l0,0c0.92-0.92,0.92-2.417,0-3.337l-2.803-2.803C9.873,3.732,9.268,3.502,8.664,3.502z\"><\/path><\/svg><\/div><\/div>\n\n\n\n<h2 class=\"wp-block-heading has-text-align-center has-medium-font-size\" style=\"font-style:normal;font-weight:700;line-height:1.4\">telefon<\/h2>\n\n\n\n<p class=\"has-text-align-center has-paragraph-color has-text-color has-link-color has-small-font-size wp-elements-51df25eb37bbbc6ab57f48351d781ce0 wp-block-paragraph\" style=\"font-style:normal;font-weight:600;text-decoration:underline\"><a href=\"\/\">+48 504 678 266<\/a><\/p>\n<\/div>\n<\/div>\n\n\n\n<div class=\"wp-block-column is-layout-flow wp-block-column-is-layout-flow\" style=\"flex-basis:5%\"><\/div>\n<\/div>\n<\/div>\n<\/div>\n<\/div>\n","protected":false},"excerpt":{"rendered":"","protected":false},"author":2,"featured_media":0,"parent":0,"menu_order":0,"comment_status":"closed","ping_status":"closed","template":"page-without-title","meta":{"_gspb_post_css":"","_crdt_document":"","_vp_format_video_url":"","_vp_image_focal_point":[],"footnotes":""},"class_list":["post-50","page","type-page","status-publish","hentry"],"_links":{"self":[{"href":"https:\/\/lewandowskimaciej.pl\/index.php?rest_route=\/wp\/v2\/pages\/50","targetHints":{"allow":["GET"]}}],"collection":[{"href":"https:\/\/lewandowskimaciej.pl\/index.php?rest_route=\/wp\/v2\/pages"}],"about":[{"href":"https:\/\/lewandowskimaciej.pl\/index.php?rest_route=\/wp\/v2\/types\/page"}],"author":[{"embeddable":true,"href":"https:\/\/lewandowskimaciej.pl\/index.php?rest_route=\/wp\/v2\/users\/2"}],"replies":[{"embeddable":true,"href":"https:\/\/lewandowskimaciej.pl\/index.php?rest_route=%2Fwp%2Fv2%2Fcomments&post=50"}],"version-history":[{"count":3,"href":"https:\/\/lewandowskimaciej.pl\/index.php?rest_route=\/wp\/v2\/pages\/50\/revisions"}],"predecessor-version":[{"id":390,"href":"https:\/\/lewandowskimaciej.pl\/index.php?rest_route=\/wp\/v2\/pages\/50\/revisions\/390"}],"wp:attachment":[{"href":"https:\/\/lewandowskimaciej.pl\/index.php?rest_route=%2Fwp%2Fv2%2Fmedia&parent=50"}],"curies":[{"name":"wp","href":"https:\/\/api.w.org\/{rel}","templated":true}]}}